[INFO] fetching crate arrayfire_serde 0.1.0...
[INFO] checking arrayfire_serde-0.1.0 against master#cfbc6d4cf1acbac5c025acf8ed68929caa551df3 for pr-75494-beta
[INFO] extracting crate arrayfire_serde 0.1.0 into /workspace/builds/worker-3/source
[INFO] validating manifest of crates.io crate arrayfire_serde 0.1.0 on toolchain cfbc6d4cf1acbac5c025acf8ed68929caa551df3
[INFO] running `Command { std: "/workspace/cargo-home/bin/cargo" "+cfbc6d4cf1acbac5c025acf8ed68929caa551df3" "read-manifest" "--manifest-path" "Cargo.toml", kill_on_drop: false }`
[INFO] started tweaking crates.io crate arrayfire_serde 0.1.0
[INFO] finished tweaking crates.io crate arrayfire_serde 0.1.0
[INFO] tweaked toml for crates.io crate arrayfire_serde 0.1.0 written to /workspace/builds/worker-3/source/Cargo.toml
[INFO] running `Command { std: "/workspace/cargo-home/bin/cargo" "+cfbc6d4cf1acbac5c025acf8ed68929caa551df3" "generate-lockfile" "--manifest-path" "Cargo.toml" "-Zno-index-update", kill_on_drop: false }`
[INFO] running `Command { std: "/workspace/cargo-home/bin/cargo" "+cfbc6d4cf1acbac5c025acf8ed68929caa551df3" "fetch" "--locked" "--manifest-path" "Cargo.toml", kill_on_drop: false }`
[INFO] [stderr]  Downloading crates ...
[INFO] [stderr]   Downloaded arrayfire v3.7.0
[INFO] running `Command { std: "docker" "create" "-v" "/var/lib/crater-agent-workspace/builds/worker-3/target:/opt/rustwide/target:rw,Z" "-v" "/var/lib/crater-agent-workspace/builds/worker-3/source:/opt/rustwide/workdir:ro,Z" "-v" "/var/lib/crater-agent-workspace/cargo-home:/opt/rustwide/cargo-home:ro,Z" "-v" "/var/lib/crater-agent-workspace/rustup-home:/opt/rustwide/rustup-home:ro,Z" "-e" "SOURCE_DIR=/opt/rustwide/workdir" "-e" "CARGO_TARGET_DIR=/opt/rustwide/target" "-e" "CARGO_HOME=/opt/rustwide/cargo-home" "-e" "RUSTUP_HOME=/opt/rustwide/rustup-home" "-w" "/opt/rustwide/workdir" "-m" "1610612736" "--user" "0:0" "--network" "none" "rustops/crates-build-env@sha256:a636fd89d022f18117e1dc8fb37a0a009933cdbbe082814857f0e2024962d47c" "/opt/rustwide/cargo-home/bin/cargo" "+cfbc6d4cf1acbac5c025acf8ed68929caa551df3" "metadata" "--no-deps" "--format-version=1", kill_on_drop: false }`
[INFO] [stderr] WARNING: Your kernel does not support swap limit capabilities or the cgroup is not mounted. Memory limited without swap.
[INFO] [stdout] 343ede342d4ed08f7377c68bc66b1665c814b1c97ace23bea55f28a626971a88
[INFO] running `Command { std: "docker" "start" "-a" "343ede342d4ed08f7377c68bc66b1665c814b1c97ace23bea55f28a626971a88", kill_on_drop: false }`
[INFO] running `Command { std: "docker" "inspect" "343ede342d4ed08f7377c68bc66b1665c814b1c97ace23bea55f28a626971a88", kill_on_drop: false }`
[INFO] running `Command { std: "docker" "rm" "-f" "343ede342d4ed08f7377c68bc66b1665c814b1c97ace23bea55f28a626971a88", kill_on_drop: false }`
[INFO] [stdout] 343ede342d4ed08f7377c68bc66b1665c814b1c97ace23bea55f28a626971a88
[INFO] running `Command { std: "docker" "create" "-v" "/var/lib/crater-agent-workspace/builds/worker-3/target:/opt/rustwide/target:rw,Z" "-v" "/var/lib/crater-agent-workspace/builds/worker-3/source:/opt/rustwide/workdir:ro,Z" "-v" "/var/lib/crater-agent-workspace/cargo-home:/opt/rustwide/cargo-home:ro,Z" "-v" "/var/lib/crater-agent-workspace/rustup-home:/opt/rustwide/rustup-home:ro,Z" "-e" "SOURCE_DIR=/opt/rustwide/workdir" "-e" "CARGO_TARGET_DIR=/opt/rustwide/target" "-e" "CARGO_INCREMENTAL=0" "-e" "RUST_BACKTRACE=full" "-e" "RUSTFLAGS=--cap-lints=forbid" "-e" "CARGO_HOME=/opt/rustwide/cargo-home" "-e" "RUSTUP_HOME=/opt/rustwide/rustup-home" "-w" "/opt/rustwide/workdir" "-m" "1610612736" "--user" "0:0" "--network" "none" "rustops/crates-build-env@sha256:a636fd89d022f18117e1dc8fb37a0a009933cdbbe082814857f0e2024962d47c" "/opt/rustwide/cargo-home/bin/cargo" "+cfbc6d4cf1acbac5c025acf8ed68929caa551df3" "check" "--frozen" "--all" "--all-targets" "--message-format=json", kill_on_drop: false }`
[INFO] [stdout] 1a5d3d5d54562b6625500c6d7c18c84648bb65c0a78746667bf5250332ed7f70
[INFO] [stderr] WARNING: Your kernel does not support swap limit capabilities or the cgroup is not mounted. Memory limited without swap.
[INFO] running `Command { std: "docker" "start" "-a" "1a5d3d5d54562b6625500c6d7c18c84648bb65c0a78746667bf5250332ed7f70", kill_on_drop: false }`
[INFO] [stderr]    Compiling autocfg v1.0.1
[INFO] [stderr]    Compiling serde v1.0.115
[INFO] [stderr]    Compiling unicode-xid v0.2.1
[INFO] [stderr]    Compiling ryu v1.0.5
[INFO] [stderr]    Compiling syn v1.0.39
[INFO] [stderr]    Compiling serde_derive v1.0.115
[INFO] [stderr]    Compiling serde_json v1.0.57
[INFO] [stderr]    Compiling semver-parser v0.7.0
[INFO] [stderr]    Compiling itoa v0.4.6
[INFO] [stderr]    Compiling libc v0.2.76
[INFO] [stderr]     Checking lazy_static v1.4.0
[INFO] [stderr]     Checking half v1.6.0
[INFO] [stderr]    Compiling proc-macro2 v1.0.19
[INFO] [stderr]    Compiling semver v0.9.0
[INFO] [stderr]    Compiling rustc_version v0.2.3
[INFO] [stderr]    Compiling num-traits v0.2.12
[INFO] [stderr]    Compiling num-integer v0.1.43
[INFO] [stderr]    Compiling num-bigint v0.2.6
[INFO] [stderr]    Compiling num-iter v0.1.41
[INFO] [stderr]    Compiling num-rational v0.2.4
[INFO] [stderr]    Compiling num-complex v0.2.4
[INFO] [stderr]    Compiling quote v1.0.7
[INFO] [stderr]     Checking num v0.2.1
[INFO] [stderr]     Checking serde_test v1.0.115
[INFO] [stderr]    Compiling arrayfire v3.7.0
[INFO] [stderr]     Checking arrayfire_serde v0.1.0 (/opt/rustwide/workdir)
[INFO] [stdout] error[E0107]: wrong number of type arguments: expected 1, found 0
[INFO] [stdout]    --> src/lib.rs:237:32
[INFO] [stdout]     |
[INFO] [stdout] 237 | impl<'a> Serialize for Ser<'a, Array> {
[INFO] [stdout]     |                                ^^^^^ expected 1 type argument
[INFO] [stdout] 
[INFO] [stdout] 
[INFO] [stdout] error[E0107]: wrong number of type arguments: expected 1, found 0
[INFO] [stdout]    --> src/lib.rs:276:35
[INFO] [stdout]     |
[INFO] [stdout] 276 | impl<'de> Deserialize<'de> for De<Array> {
[INFO] [stdout]     |                                   ^^^^^ expected 1 type argument
[INFO] [stdout] 
[INFO] [stdout] 
[INFO] [stdout] error[E0107]: wrong number of type arguments: expected 1, found 0
[INFO] [stdout]    --> src/lib.rs:250:43
[INFO] [stdout]     |
[INFO] [stdout] 250 |         fn get_data<T: HasAfEnum>(array: &Array) -> Vec<T> {
[INFO] [stdout]     |                                           ^^^^^ expected 1 type argument
[INFO] [stdout] 
[INFO] [stdout] 
[INFO] [stdout] error[E0107]: wrong number of type arguments: expected 1, found 0
[INFO] [stdout]    --> src/lib.rs:297:81
[INFO] [stdout]     |
[INFO] [stdout] 297 |                 fn get_array<T: HasAfEnum>(data: Option<Vec<T>>, dim: &Dim4) -> Array {
[INFO] [stdout]     |                                                                                 ^^^^^ expected 1 type argument
[INFO] [stdout] 
[INFO] [stdout] 
[INFO] [stdout] error[E0107]: wrong number of type arguments: expected 1, found 0
[INFO] [stdout]    --> src/lib.rs:284:29
[INFO] [stdout]     |
[INFO] [stdout] 284 |             type Value = De<Array>;
[INFO] [stdout]     |                             ^^^^^ expected 1 type argument
[INFO] [stdout] 
[INFO] [stdout] 
[INFO] [stdout] error: aborting due to 5 previous errors
[INFO] [stdout] 
[INFO] [stdout] 
[INFO] [stdout] For more information about this error, try `rustc --explain E0107`.
[INFO] [stdout] 
[INFO] [stderr] error: could not compile `arrayfire_serde`.
[INFO] [stderr] 
[INFO] [stderr] To learn more, run the command again with --verbose.
[INFO] [stderr] warning: build failed, waiting for other jobs to finish...
[INFO] [stdout] error[E0107]: wrong number of type arguments: expected 1, found 0
[INFO] [stdout]    --> src/lib.rs:237:32
[INFO] [stdout]     |
[INFO] [stdout] 237 | impl<'a> Serialize for Ser<'a, Array> {
[INFO] [stdout]     |                                ^^^^^ expected 1 type argument
[INFO] [stdout] 
[INFO] [stdout] 
[INFO] [stdout] error[E0107]: wrong number of type arguments: expected 1, found 0
[INFO] [stdout]    --> src/lib.rs:276:35
[INFO] [stdout]     |
[INFO] [stdout] 276 | impl<'de> Deserialize<'de> for De<Array> {
[INFO] [stdout]     |                                   ^^^^^ expected 1 type argument
[INFO] [stdout] 
[INFO] [stdout] 
[INFO] [stdout] error[E0107]: wrong number of type arguments: expected 1, found 0
[INFO] [stdout]    --> src/lib.rs:250:43
[INFO] [stdout]     |
[INFO] [stdout] 250 |         fn get_data<T: HasAfEnum>(array: &Array) -> Vec<T> {
[INFO] [stdout]     |                                           ^^^^^ expected 1 type argument
[INFO] [stdout] 
[INFO] [stdout] 
[INFO] [stdout] error[E0107]: wrong number of type arguments: expected 1, found 0
[INFO] [stdout]    --> src/lib.rs:297:81
[INFO] [stdout]     |
[INFO] [stdout] 297 |                 fn get_array<T: HasAfEnum>(data: Option<Vec<T>>, dim: &Dim4) -> Array {
[INFO] [stdout]     |                                                                                 ^^^^^ expected 1 type argument
[INFO] [stdout] 
[INFO] [stdout] 
[INFO] [stdout] error[E0107]: wrong number of type arguments: expected 1, found 0
[INFO] [stdout]    --> src/lib.rs:284:29
[INFO] [stdout]     |
[INFO] [stdout] 284 |             type Value = De<Array>;
[INFO] [stdout]     |                             ^^^^^ expected 1 type argument
[INFO] [stdout] 
[INFO] [stdout] 
[INFO] [stdout] error: aborting due to 5 previous errors
[INFO] [stdout] 
[INFO] [stdout] 
[INFO] [stdout] For more information about this error, try `rustc --explain E0107`.
[INFO] [stdout] 
[INFO] [stderr] error: build failed
[INFO] running `Command { std: "docker" "inspect" "1a5d3d5d54562b6625500c6d7c18c84648bb65c0a78746667bf5250332ed7f70", kill_on_drop: false }`
[INFO] running `Command { std: "docker" "rm" "-f" "1a5d3d5d54562b6625500c6d7c18c84648bb65c0a78746667bf5250332ed7f70", kill_on_drop: false }`
[INFO] [stdout] 1a5d3d5d54562b6625500c6d7c18c84648bb65c0a78746667bf5250332ed7f70
